 = 1 - w. Is i composite?
False
Let k be ((3 - 3) + 1)*0. Let v(r) = -r**3 - r**2 + 31. Is v(k) a composite number?
False
Suppose -s = -3*d + 1349, 5*d - 1249 = 4*s + 1004. Is d a prime number?
True
Let i = -97 + 174. Is i a prime number?
False
Is (-572 - (-4 + 3))/(-1) a prime number?
True
Let g be 16/(-28)*(-7)/2. Let n(y) = g*y**2 + 0 - y + 2*y**2 - 1. Is n(-1) composite?
True
Let a be 4/4*0/2. Suppose a = -2*j + 3*x + 36 + 17, 0 = 2*j - 4*x - 58. Is j a prime number?
True
Is -206*(-4)/32*4 a prime number?
True
Suppose -5*n + 124 = 3*j, -5*n + 86 = 2*j - 0*n. Let q(t) = t**2. Let b be q(2). Is (j/b)/(1/2) prime?
True
Let i be 2/3 + (-10)/15. Suppose -5*c - 2*o = -423, 4 = o - i*o. Is c a prime number?
True
Let f(z) = 134*z**2 + 3*z + 2. Let c be 2/(0 + 2/(-1)). Is f(c) prime?
False
Suppose a = 2*n + 2*a - 8, -2*a = 3*n - 10. Suppose -2*z + n = 4*r, -2*r - 12 = -7*r - z. Suppose 7*i - r*i = 148. Is i a composite number?
False
Suppose 3*z = -z - 1456. Let y = 521 + z. Is y a prime number?
True
Let y(r) = 8*r**3 - 3*r**2 + 3*r - 4. Let h be y(4). Let s = -333 + h. Is s a prime number?
True
Suppose -10*t = -9*t. Suppose t = -4*w + 1947 - 367. Is w a composite number?
True
Suppose 0 = -3*n + 2*u + 83, 106 = 7*n - 3*n - 5*u. Let q = n + -15. Is q a prime number?
False
Is -6*(-4)/(32/188) a composite number?
True
Let y = 14 - 2. Let l be 6/2*272/y. Suppose 5*c = 97 + l. Is c prime?
False
Suppose 2*l - 861 = -2*u - l, 841 = 2*u - l. Suppose p + 3*w = 254, -3*p - u + 1197 = 5*w. Is p a prime number?
True
Suppose -n - 2*w = -14, 4*n + 4*w + 8 = 44. Let b = n - -33. Is b a prime number?
True
Let g = -268 - -399. Is g a composite number?
False
Is (-4)/(-28) - (-3856)/7 composite?
True
Let h be (2 + -71)/(9/6). Let a = 83 + h. Is a a prime number?
True
Let q(s) = -s**2 - 7*s - 3. Let z be q(-6). Suppose 3*v = -4*r - 4 + 2, -z*r = 2*v. Let k(l) = -l**3 - 2*l**2 + 9*l + 5. Is k(v) prime?
False
Suppose 0 = -q + 3*d + 647, -6*q + q + 3215 = -5*d. Is q composite?
False
Let b = -20 - -11. Let o be (-1)/((-3)/(b/1)). Let a(v) = -5*v**3 - 4*v**2 + v + 1. Is a(o) a prime number?
True
Let f be -5*(-1 + 7/5). Let m = -7 - -3. Is f*14/m*5 prime?
False
Let s(c) = 39*c - 4. Is s(5) composite?
False
Let z be (12/2)/(14/(-21)). Is -237*(12/z - -1) composite?
False
Suppose 3*c + 47 = 4*l + 15, -3*l - 44 = 2*c. Let a(w) = -w**3 - 8*w**2 - 2*w - 4. Let q be a(-7). Let t = c - q. Is t composite?
False
Suppose s + 5*s = 45834. Is s a composite number?
False
Let w = 0 + 3. Suppose c + c + 3 = 5*z, -4*z = w*c + 16. Let m(l) = -20*l - 1. Is m(c) prime?
True
Suppose -2*h - 3*o + 629 = 0, 3*o = -h + 517 - 207. Is h a composite number?
True
Suppose 0 = 2*l + 4*y - 3474, 3*y + y = 5*l - 8713. Is l composite?
False
Let t(i) = -2*i**2 - 1. Let l be t(1). Let m(s) = -11*s**3 + s + 1. Is m(l) composite?
True
Let f(q) = 90*q**2 - q. Is f(1) a prime number?
True
Suppose 0 = 2*b - s + 6, -s = s + 4. Let o(u) = 10*u**2 + 5*u + 5. Is o(b) composite?
True
Let j = -78 - -53. Suppose -o - 164 + 475 = -3*t, o - 209 = 2*t. Is t/(-10) - (-5)/j a composite number?
True
Let a(x) = 159*x + 71. Is a(4) a composite number?
True
Let x(u) = -9*u + 5. Is x(-14) prime?
True
Let d(b) = -b**3 - 2*b**2 - 3*b - 1. Let m be d(-2). Suppose -2*c - 2348 = -m*w - 5*c, 4*c + 465 = w. Is w a prime number?
False
Let s(i) be the second derivative of 5/2*i**2 - 65/6*i**3 - 2*i + 0. Is s(-4) prime?
False
Suppose -30*p = -35*p + 2145. Suppose -7*t = -4*t - p. Is t a prime number?
False
Is 1/5 - (-2652)/15 prime?
False
Let a(j) = j**3 - 5*j**2 - 5*j + 3. Let w = 3 - -6. Let t be a(w). Is (-1)/(-5) - t/(-15) a prime number?
True
Let t(p) = p**2 + 3*p + 4. Let u(i) = -i + 1. Let h be u(4). Let a be t(h). Suppose -3*j + 2*b + 10 = j, a*j - 12 = 4*b. Is j prime?
True
Is ((-99)/6)/(3/(-226)) composite?
True
Suppose 3*v = 8*v - 1905. Is v a composite number?
True
Is ((-26)/(-8))/((-7)/(-196)) a prime number?
False
Suppose 0 = -t - 0*b + 5*b - 12, 2*t = 5*b - 24. Suppose 0*s = 2*s - 10, s + 10 = -5*x. Let g = x - t. Is g a prime number?
False
Suppose 5*b - 26 = -6, 4*b = 2*r - 30. Is r a prime number?
True
Let s(y) = -109*y**3 - 3*y**2 - 2*y + 1. Is s(-4) prime?
False
Let c = 529 + 682. Is c a prime number?
False
Let t = -586 - -350. Let r = t + 871. Is r prime?
False
Let b = 53 - -324. Is b a prime number?
False
Suppose -2*j + 397 = -517. Is j a composite number?
False
Let c(r) = r + 3. Let p be c(0). Suppose -5*h + p = -6*h. Let b = 34 - h. Is b composite?
False
Suppose 0 = -7*o + 495 - 124. Is o a prime number?
True
Let a(c) = 7*c**2 - c. Let s be a(-1). Let t = s + -5. Suppose -z + 2*f + 3*f - 7 = 0, t*f + 6 = 4*z. Is z a prime number?
True
Suppose 0 = -o - 4*m + 11 + 12, 0 = 4*o - 2*m - 92. Let x = o - 3. Is 2/10 + 256/x composite?
False
Is 1/(((-3)/(-179))/3) a prime number?
True
Let n(w) = w**3 - 4*w**2 + 2*w + 1. Let b be n(3). Let z(l) = -l**2 - 5*l + 19. Let k be z(3). Is (24 + b)*k/(-2) composite?
True
Suppose -3*h + 1086 = -9273. Is h a composite number?
True
Suppose 5 + 20 = 5*t. Let s = t - 15. Let w = s + 23. Is w a composite number?
False
Let v(q) = -2*q + 3 + 2 + 0*q - 4*q**2 + 5*q**2. Is v(-6) prime?
True
Is 2 + (4 - -671 - 0) a prime number?
True
Suppose 2*t + 3 - 1 = 0. Let g(q) = -3*q - q + 6*q - 3*q + 24*q**2. Is g(t) a composite number?
True
Suppose -4*i + 4*s - 9 + 1 = 0, -i = 3*s - 18. Is i - -33 - 3*-1 composite?
True
Let g(d) = -d + 71. Let u = -2 - -4. Let v = 2 - u. Is g(v) a prime number?
True
Let z = 860 - 1654. Is 10/(-25) + z/(-10) prime?
True
Let y(m) = 7*m**2 - 4*m - 1. Is y(-4) prime?
True
Suppose 5*j + 3*r - 1014 = 0, -3*j - r + 600 = -2*r. Is j prime?
False
Suppose 5*a - 3670 = 3*a. Is a a composite number?
True
Let w = 0 + 10. Is w prime?
False
Let o be 27272/40 + (-1)/(-5). Suppose -89 = -3*r + o. Is r prime?
True
Let b be 2 - (-1 + 1 + -4). Is b/(-39) - (-6686)/26 a composite number?
False
Suppose -65 = 5*q - 0*q. Let y = q + 22. Is y prime?
False
Let b(m) = -6*m**3 + 4*m**2 - m. Let k be b(-3). Let q be (k/15 - 1)*5. Is q/6 + (-4)/(-6) a prime number?
True
Suppose -3*t = 2*t - 3*z - 13, 5*t + z = 29. Suppose 2*f = t*f - 447. Is f a prime number?
True
Let d(m) = 36*m + 1. Let w be (-7)/(-2)*(-3 - -5). Suppose 4 - 10 = 3*c, q = 3*c + w. Is d(q) a prime number?
True
Let h(w) = -w**3 + w**2. Let d be h(1). Suppose -3*t + 15 = d, -t = a + 3*t - 175. Suppose -a = -3*j - 2*j. Is j a prime number?
True
Let m(z) = z**2 - 4*z + 3. Let f be m(2). Let i(g) = -9*g + 7. Let p(u) = -1. Let x(b) = f*i(b) - 5*p(b). Is x(3) composite?
True
Let z = -37 - -14. Suppose 3*m - 3*r = -0*m + 114, -2*r = 4*m - 152. Let o = z + m. Is o prime?
False
Is -2 - (-85 + 0/(-1)) a prime number?
True
Suppose -5 = -5*o, 5*y + 4*o + 150 - 644 = 0. Suppose 917 = 5*h - y. Suppose 0 = -0*q - q + h. Is q composite?
True
Let n(i) = -15*i. Let o be n(-3). Let v = o - -158. Is v a composite number?
True
Let c(b) = 2*b**3 - 13*b**2 - 22*b + 22. Is c(11) prime?
False
Suppose x - 2*x - c + 3148 = 0, 2*c = -x + 3143. Is x prime?
False
Let c be (4/2)/((-4)/(-10)). Suppose c*v + 1 + 19 = 0. Is (-20)/(-6)*(-42)/v composite?
True
Let p(f) be the second derivative of f**5/20 - 5*f**4/6 + 3*f**3/2 - 11*f**2/2 - 2*f. Is p(10) prime?
True
Suppose 78 = 2*k - 5*w, -61 = -k - 0*w - 3*w. Is k a prime number?
False
Let t = -41 + 75. Is t composite?
True
Suppose 2*b - 3876 + 77 = -5*j, 0 = 5*b - 2*j - 9483. Is b prime?
False
Let z(k) = 3*k**2 + 6. Let l(w) = 4*w**2 + 6. Let s(t) = -2*l(t) + 3*z(t). Let o = 0 + 0. Is s(o) prime?
False
Suppose -5*j = 2*v + 214, 4*j + 203 = 5*v + 12. Suppose -2*f - 2*f - 100 = 0. Let m = f - j. Is m prime?
True
Suppose -5*v + 0*r - 3895 = -5*r, 1557 = -2*v + 3*r. Is 4/6*v/(-8) a prime number?
False
Let y = -555 + 854. Is y prime?
False
Suppose 0 = 3*w + 5*i + 123, 2*w - 3*i = -3*w - 205. Let g(h) = -31*h + 2. Let p be g(-2). Let v = p + w. Is v prime?
True
Suppose 3 + 5 = 4*c. Suppose -3*s = 5*d - 22, -4*s - c*d + 72 - 24 = 0. Is s composite?
True
Let b = 13 - 46. Let q = b + 54. Is q composite?
True
Let n = -150 - -307. Is n composite?
False
Let x = 547 - 65. Is x prime?
False
Suppose 3*g - 68 - 238 = 3*u, -2*g = -3*u - 209. Suppose 605 = 4*t + g. Is t composite?
False
Let y = 6 - 16. Let n = -7 - y. Suppose -n*